 w = 3*m - 4*l. What is the greatest common divisor of 25 and m?
25
Let b(o) = 12*o**2 - 2*o + 2. Let q(w) = w**2 - 1. Let s(p) = b(p) - q(p). Let i be s(4). What is the greatest common factor of 19 and i?
19
Suppose 2*g = -x - 2 + 9, 21 = g - 3*x. Calculate the greatest common divisor of g and 2.
2
Let k(m) = -2*m**2 - 3. Let o be k(-4). Let x = -17 - o. Calculate the highest common divisor of 36 and x.
18
Let m(a) = 8 - 1 - 3*a + 4*a. Let q be m(-6). Suppose -2*h + q + 1 = 0. Calculate the highest common factor of 1 and h.
1
Let y(h) = 3*h**3 - 2*h - 8. Let z be y(4). Calculate the highest common divisor of 16 and z.
16
Suppose -2 + 18 = 2*p - 3*d, -4*d - 47 = -5*p. Calculate the highest common divisor of p and 33.
11
Suppose w + 20 = 5*w. What is the highest common divisor of w and 45?
5
Suppose 0 = -3*h + h + 5*g + 164, 212 = 3*h + g. What is the highest common divisor of h and 9?
9
Let q = 97 + -88. Calculate the highest common divisor of 99 and q.
9
Let r(f) = 64*f - 2. Let b be r(2). Let d be ((-2)/(-3))/((-3)/9). Let y be (0 - -1)*(12 - d). What is the highest common factor of y and b?
14
Let f = 17 + -12. Calculate the greatest common factor of f and 10.
5
Suppose 0 = g - l + 5, 2 = -2*g - 5*l - 1. Let s = -1 - g. Suppose s*q - 10 = q. Calculate the highest common divisor of 35 and q.
5
Suppose -7 = -3*o + 32. Calculate the greatest common factor of o and 143.
13
Suppose 12*i - 15*i + 69 = 0. Let l = i - 12. Calculate the greatest common divisor of l and 55.
11
Let g be (-5271)/(-126) - (-1)/6. Calculate the greatest common divisor of g and 18.
6
Suppose 0 = 5*w - 40 - 15. Suppose -v - 5*f + 228 = -2*f, 902 = 4*v + 2*f. Let x = -104 + v. Calculate the highest common divisor of w and x.
11
Suppose -4*c = c - 5. Let o = c - -2. What is the greatest common divisor of 2 and o?
1
Let x(o) = o**2 + 6. Let d be (-6)/2 - 3 - -1. Let s be x(d). Calculate the greatest common factor of s and 31.
31
Suppose -27 = -3*y + 2*z, -4*z = -2*y + 6*y - 56. Calculate the highest common divisor of y and 1.
1
Let u be (1 - 2)/((-1)/(-134)). Let p = u - -200. Calculate the greatest common divisor of p and 6.
6
Let g(z) = -z**3 - 4*z**2 + 3*z. Let u be g(-7). Let f(h) = -h**3 - 20*h**2 - 21*h - 20. Let c be f(-19). What is the highest common factor of c and u?
18
Let h = -63 + 190. Let i be 4/(-12) - h/(-3). Let l be (i/9 + -2)*33. Calculate the greatest common factor of 11 and l.
11
Let b(h) = -h**2 - 18*h - 17. Let p be b(-17). Let u(r) = -r + 2. Let w be u(-3). Let j = p + w. What is the highest common factor of j and 2?
1
Suppose 0 = 4*j + 3 - 11. Suppose -i + 576 = j*r + 3*i, -2*r = -4*i - 568. What is the highest common factor of 26 and r?
26
Let x be (1/(-4))/((-11)/1276). What is the greatest common factor of x and 87?
29
Suppose 2*c = -0*c + 44. Let w(m) = 15*m - 11. Let d be w(11). What is the highest common factor of d and c?
22
Let h be (-5 - 1200/(-18))*3. What is the highest common divisor of 74 and h?
37
Suppose -g - 4*o = -6, 5*o = 4 - 19. Let h be 328/g - 2/9. Calculate the highest common factor of 162 and h.
18
Suppose 0 = 9*p - 8*p - 57. Calculate the highest common divisor of p and 19.
19
Let m = 7 - 2. Suppose 2*j = j - 3*a + 5, j = a + 1. Let b be (-1 - 1)/j*-2. Calculate the highest common factor of m and b.
1
Let g be 39/(-3) - (2 + 0). Let b be (-190)/g - 4/6. Let w be (-9)/b + 198/8. What is the highest common divisor of w and 72?
24
Let b = 231 + -216. Let f be -6*((-165)/2)/3. What is the highest common divisor of f and b?
15
Suppose k - 154 = -3*k - 5*b, 2*k + 2*b - 78 = 0. Let w = 20 - k. Let m be (1 - 13/7)*w. Calculate the greatest common factor of 45 and m.
9
Let i = -3 - -48. Calculate the highest common divisor of i and 5.
5
Suppose -16 - 20 = 4*c. Let x be (4/6)/((-2)/c). What is the highest common factor of x and 15?
3
Let c be (-4 - -1)*(-6 - -3 - 6). What is the greatest common factor of 9 and c?
9
Let r = -4 - -13. What is the highest common divisor of 18 and r?
9
Let y be (-248)/(-6) + 24/36. Calculate the highest common factor of y and 105.
21
Suppose -2*h - 22 = 3*w + 11, 3*w - 72 = 5*h. Let v = h - -27. What is the greatest common factor of v and 4?
4
Let v = -362 - -542. Let u = 30 - 10. Calculate the highest common divisor of v and u.
20
Suppose 0*j = 3*j - 168. Suppose 3*l - 17 = -5*n + 11, -2*n - 26 = -5*l. Let b = l - -8. Calculate the highest common factor of b and j.
14
Let h = 286 - 273. Let m be 0 + (-3)/(6/(-52)). Calculate the highest common factor of h and m.
13
Let k = -55 - -95. What is the highest common divisor of k and 16?
8
Let w be -7 + 8 - (1 - 72). Calculate the greatest common divisor of w and 8.
8
Suppose -8 = -2*n - 0*n. Suppose 4*w = 11 - 31, h = -2*w + n. Calculate the highest common factor of 28 and h.
14
Suppose 0 = y - 3*y. Suppose 4*d - 66 = -3*g, y = g - 0*d - 3*d - 35. Let w = g + -15. What is the greatest common factor of w and 1?
1
Suppose 4*b - 6 = 2*b. Let d = 44 + -17. Calculate the greatest common divisor of b and d.
3
Let g be (18/(-27))/(1/(-3)). Suppose 8 = g*i - 2. What is the highest common factor of i and 20?
5
Suppose -4*r + 46 = -2*r. Suppose -4*p - 70 = -5*d + p, 2*d = p + r. Let j = -34 - -70. What is the highest common divisor of j and d?
9
Let t be -122*(-2 + 1) - 3. Calculate the greatest common divisor of t and 17.
17
Let i be 67/5 + (-1)/(10/4). Calculate the greatest common factor of 26 and i.
13
Let m = 59 + 13. Suppose -2*j = -3*f - 99 + 27, m = 2*j + 4*f. Suppose 3*d - 2*n - 42 = 0, 2*d - 27 = -d - 3*n. What is the greatest common factor of d and j?
12
Let m(q) = 44*q + 2. Let a be m(-3). Let s be 3/(-12) + a/(-8). What is the highest common factor of 24 and s?
8
Let g(a) = 84*a**2 + a + 1. Let n be g(-1). Calculate the highest common divisor of n and 12.
12
Let w(z) be the second derivative of z**4/12 - z**3/6 + 2*z**2 - 2*z. Let p be w(3). Suppose -5*v + 49 + 51 = 0. What is the highest common divisor of v and p?
10
Let m = 39 + -20. Let i = m + 51. Calculate the highest common factor of 7 and i.
7
Let t(h) = -4*h**3 + 2*h + 1. Let m be t(-1). Suppose 0 = -m*o + 41 - 5. Calculate the highest common factor of o and 12.
12
Suppose -2*h + 25 = h - 4*y, -4*h - 4 = 4*y. Calculate the highest common factor of h and 3.
3
Let t(w) = 8*w. Let r be t(9). Suppose 2*l - 56 = r. Calculate the highest common divisor of l and 8.
8
Suppose -5*o = n - 102, -3*o + 0*o + 50 = -5*n. What is the highest common factor of o and 220?
20
Suppose 0*i - 2*i = -20. Calculate the greatest common factor of 90 and i.
10
Let n(h) = h + 8. Let p be n(-7). What is the highest common divisor of 5 and p?
1
Let y(c) = 6*c - 2. Let f be y(4). What is the highest common divisor of 198 and f?
22
Suppose -5*o + 5*u + 37 = -3, 2*u = 8. Calculate the greatest common divisor of 3 and o.
3
Let a = -16 - -30. Let f be (-10)/35 + 2468/a. What is the greatest common divisor of f and 22?
22
Let r = -26 + 36. Calculate the highest common factor of r and 40.
10
Let r = -81 + 51. Let f be -3 - (r + (-3)/1). Calculate the greatest common divisor of 6 and f.
6
Let r = -36 + 88. Suppose g - 120 = 8*s - 3*s, 3*g = 4*s + 382. What is the highest common divisor of r and g?
26
Suppose 3*l - 27 = 2*l. Suppose 23 + l = 5*m. Calculate the highest common factor of 2 and m.
2
Let b = 12 - 5. What is the greatest common factor of b and 7?
7
Let o(j) = -j**2 - 7*j - 4. Suppose -2*r + 7*r = -15. Let f be o(r). What is the greatest common divisor of f and 72?
8
Let p(h) = -54*h + 2. Let i be p(-3). Suppose 3*g - 4 - i = 0. Calculate the greatest common divisor of 8 and g.
8
Let o(z) = -11*z - 9. Let g be o(-4). Calculate the greatest common factor of 70 and g.
35
Let n(c) = c**3 - 5*c**2 - 8*c - 2. Let p be n(7). Calculate the highest common factor of p and 16.
8
Suppose 0 = 2*m - 0 + 4. Let i be 10/(m + (-36)/(-16)). Calculate the greatest common divisor of 100 and i.
20
Let v(g) = -2*g**2 + 27*g + 28. Let m be v(14). Calculate the highest common factor of m and 154.
14
Let s(n) be the first derivative of n**2/2 + 78*n - 1. Let r be s(0). Suppose 52 = 2*g - r. Calculate the greatest common factor of g and 26.
13
Suppose -3*p - 24 = -4*p. What is the greatest common divisor of 264 and p?
24
Let r be 6 + -5 + (0 - -5). C